28/8) + o.
2, 11
Suppose 6*w - 17 = -i + 3*w, -5*i - 4*w + 41 = 0. Suppose 2 = -2*s, -c - c = i*s - 21. What are the prime factors of 45 + c - 2*-2?
2, 31
List the prime factors of (-4)/(-10)*-1 - (-39572)/130.
2, 19
Let r(n) be the second derivative of -31*n**3/6 - 3*n**2/2 - 34*n. What are the prime factors of r(-4)?
11
Let z(l) = 1. Let r(h) = 33*h + 9. Let g(s) = -r(s) + 6*z(s). List the prime factors of g(-3).
2, 3
Let g be ((-9)/(-30)*5)/(3/(-8)). What are the prime factors of 153 - (2 + g) - -1?
2, 3, 13
Let t(o) = -132 + 23*o + 33*o + 123. What are the prime factors of t(2)?
103
Suppose -603 = -2*t - 5*b, 2*b = 4*b - 6. What are the prime factors of t?
2, 3, 7
Suppose 5*d + 2*z = 0, 0*z + 5*z + 23 = -d. List the prime factors of d + (-361 - -1)/(-5).
2, 37
Suppose -2907 = 4*m - 13*m. What are the prime factors of m?
17, 19
Let h(v) = 2*v**2 - 2*v - 9. Let g = 10 + -3. Let q = g + -11. List the prime factors of h(q).
31
Let w be 2/(-3)*(-450)/(-12). Let x = 54 - w. List the prime factors of x.
79
Let l be ((-64)/32)/(4/(-1762)). What are the prime factors of (8 + l)*2/7?
2, 127
What are the prime factors of 22/(36/(-504)*7/(-12))?
2, 3, 11
Let f = 2073 + -1352. List the prime factors of f.
7, 103
Let m(r) = -r**2 - 19*r - 9. Let y be m(-18). List the prime factors of -1 + y/((-9)/(-28)).
3
Let x(t) = t**3 - 9*t**2 + t - 6. Let d be x(9). List the prime factors of ((-9)/d - -5) + 75.
7, 11
Let h = -1758 + 4399. List the prime factors of h.
19, 139
Suppose 12 = 2*c + 230. Let v = -55 - c. What are the prime factors of v?
2, 3
Let k(o) = 147*o**2 - 3*o - 59. What are the prime factors of k(-4)?
5, 461
Suppose 3*r = 8*r - 80. Let x = r + -14. Let a = x - -3. List the prime factors of a.
5
Let k(b) = -b**3 - 3*b**2 - b + 2. Let c be k(-2). Suppose c = -5*l + 50 - 10. Let j(i) = i**2 - 6*i + 7. What are the prime factors of j(l)?
23
Suppose 0 = -27*d + 7*d + 30360. List the prime factors of d.
2, 3, 11, 23
Let z be ((-116)/(-10))/(1/(-5)). Let m = z - -93. List the prime factors of m.
5, 7
Let x = 2269 - 1730. List the prime factors of x.
7, 11
Let a = 40 - -42. What are the prime factors of a?
2, 41
Suppose -28 = 3*r + 4*r. Let i be r*4/(-8) + 5. Suppose 0 = 5*z - 2*w - 25, 5*z + 5*w = -i + 32. List the prime factors of z.
5
Let x be 7 - 0 - (-4 - -4). Suppose 0 = 2*a - 5*s + 6, -4*a + x*s = 4*s - 2. What are the prime factors of a/4 - 142/(-4)?
2, 3
Suppose -10*s + 4625 = 685. List the prime factors of s.
2, 197
Suppose -2*o + 7 = 2*m - 67, 3*o = 4*m - 162. List the prime factors of 1*((-12)/4 + m).
2, 3
Let y(q) be the first derivative of 4*q**3/3 + 5*q**2/2 + 39*q - 43. What are the prime factors of y(-5)?
2, 3, 19
Let w = -130 - -459. What are the prime factors of w?
7, 47
Let k = 27 - 47. Let i be ((-35)/k - 3)*-4. Suppose y = -i*o + o + 133, -2*o + 4*y + 80 = 0. What are the prime factors of o?
2, 17
Let v = 10 + -10. Let m be (v + -1 + 0)*0. Suppose 0 = 4*l - h - 8, -5*l + m*h = 3*h - 10. What are the prime factors of l?
2
Suppose -3*s - 5*d - 77 = 0, s + 0*s + 31 = d. Let j = 94 + s. List the prime factors of j.
5, 13
Suppose -2*k = -6 - 2. Suppose -u + 102 = m + 4*m, 72 = k*m + 4*u. What are the prime factors of m?
3, 7
Suppose 54 = -2*z + 2*p, 2*z + 3*p + 12 = -22. Let t = z - -53. What are the prime factors of (11 + 0)/(15/t)?
2, 11
Let z(g) = -g**3 - 14*g**2 + 17*g + 47. List the prime factors of z(-16).
7, 41
Suppose -2463 = 4*o - 11831. List the prime factors of o.
2, 1171
Suppose 2*p + 46 = -5*u, -p = u - 5*u - 3. Let f = p + 14. List the prime factors of -2*f*34/(-4).
17
Suppose 15*c - 2023 + 133 = 0. What are the prime factors of c?
2, 3, 7
Let q = -78 + 80. Suppose -5*c = 5*s - 940, 4*s - q*c = c + 759. What are the prime factors of s?
3, 7
Suppose -4*t - w = -0*t - 135, -2*w = 10. Suppose -t - 53 = -s. List the prime factors of s.
2, 11
Let d be 0 - (0/(-1) + -2). Let b be (-4)/16 + d/8. Let n = b - -41. What are the prime factors of n?
41
Let h be (-5)/(-15) - (-42)/9. Suppose 4*p - 3*m = 13, -h*p - 2*m - 2 = -1. What are the prime factors of 1*(-4 + p) + 30?
3
Suppose -5*o + 67 = -4*l + 10, 4*o - 58 = -3*l. Suppose o*q + 670 = 15*q. List the prime factors of q.
5, 67
Let i = 13 - 12. Let t(m) = 3 + 0 - 2*m - i. What are the prime factors of t(-10)?
2, 11
Suppose u = -3*w + 12177, -3*w - 8*u = -11*u - 12165. What are the prime factors of w?
2, 2029
Let n = 8052 - 5271. What are the prime factors of n?
3, 103
Let z(p) = 2*p**2 - 75*p - 124. List the prime factors of z(-30).
2, 13, 151
Let g = 2266 - 1266. List the prime factors of g.
2, 5
Suppose 27*a - 26*a - 3*b - 1364 = 0, 3*a = -5*b + 4036. What are the prime factors of a?
2, 13
Let s = 2867 - -902. List the prime factors of s.
3769
Suppose -q - 3*b - 1266 = 0, -q + 5*b = 2*b + 1266. What are the prime factors of (-27)/(-81)*(0 + q/(-2))?
211
Suppose 0 = 3*b - 2*b + 4. Let q be -1 - -3*4/b. List the prime factors of 22 + (-2)/(q/6).
5
Let s = -29 - -29. Suppose 8*i - 4*i - 52 = s. List the prime factors of i.
13
Let i(y) = 6*y + 1. Suppose 4*l = t + 14 + 3, -3*l + 16 = -4*t. What are the prime factors of i(l)?
5
Let r = 621 + -244. What are the prime factors of r?
13, 29
Suppose 16*j + 128988 = 52*j. List the prime factors of j.
3583
Let g(l) = -2*l**3 - 23*l**2 + 4*l + 4. What are the prime factors of g(-12)?
2, 5
Suppose 0 = 5*i + 3*q - 1316, -3*i + 776 = -2*q - 3*q. Suppose 9*c = -i + 703. List the prime factors of c.
7
Suppose -189 = -f + 3*b, f - 5*b - 45 - 140 = 0. What are the prime factors of f?
3, 5, 13
Let h = -12 + 12. Suppose 3*d + c + 4 + 6 = h, -5*d = c + 14. Let x = d + 20. What are the prime factors of x?
2, 3
Suppose -224*k = -227*k - 42. Let b(r) = -7*r + 7. What are the prime factors of b(k)?
3, 5, 7
Let r(x) = x**3 + 23*x**2 - 3*x + 21. Let d be r(-23). Suppose 2*n - d - 150 = 0. What are the prime factors of n?
2, 3, 5
Let t = 843 - 410. What are the prime factors of t?
433
Suppose 2823 = 5*w - 2757. What are the prime factors of w?
2, 3, 31
Suppose 10 - 34 = -3*u. Let z(t) be the first derivative of t**4/4 - 7*t**3/3 - 5*t**2/2 + 8*t - 6. List the prime factors of z(u).
2
Let j(y) = -70*y - 48. List the prime factors of j(-19).
2, 641
Let d(q) = 4*q**3 - q**2 - 2*q - 1. Let z be d(3). Suppose o + 5*l = -o + z, -5*o - l + 207 = 0. What are the prime factors of o?
41
What are the prime factors of (-2 - -7) + 53/1?
2, 29
Suppose 7*k + 776 = -k. Let a = 261 + k. List the prime factors of a.
2, 41
Let j = 111 + 94. Let r = j - 91. What are the prime factors of r?
2, 3, 19
Suppose 5*l - 17 = -5*c + 13, -5*c + 16 = -2*l. List the prime factors of (-17)/3*l/(-1)*9.
2, 3, 17
Let b = 434 + -138. List the prime factors of b.
2, 37
Let w(j) = 12*j**3 - j + 1. Let r(q) = -q**2 - 14*q + 16. Let u be r(-15). List the prime factors of w(u).
2, 3
Let w(j) = -3*j - 2. Let a be w(-2). List the prime factors of a/(1 + (-100)/108).
2, 3
Suppose -14*w - 13 = -5095. List the prime factors of w.
3, 11
Suppose -n = 3*z - 610 + 36, -5*n = z - 182. Suppose z = -0*i + 3*i. List the prime factors of i.
2
Let h be (3 + -3)/(2/3*-3). Suppose h = z - 65 + 41. What are the prime factors of z?
2, 3
Let t(p) = p**2 - p + 6. Let i be t(-6). Suppose 5*m - i = 2. Suppose 3*w = -5*k + 19, -4*w - 2*k - m = -5*w. What are the prime factors of w?
2
Let p(j) = 6*j**2 + j - 37. List the prime factors of p(-8).
3, 113
Let g be (-1)/(1 - 2) + -7. Let u be (g - -3)*(-1 - 0). Suppose h + 0*h - u = 0. What are the prime factors of h?
3
Suppose 2*r + 2*w = -4, 5*r + 3*w = -13 - 3. Let y be (1 - r)/((-3)/(-2)). What are the prime factors of 5 - (0/y)/2?
5
Suppose -k = -2*w + 4423, -5*w = -12*k + 9*k - 11057. What are the prime factors of w?
2, 7, 79
Let j be 2 - -1 - ((1 - -4) + -7). Suppose -j*q + 43 = -67. What are the prime factors of q?
2, 11
Let q = -67 - -110. Let j = 102 - q. List the prime factors of j.
59
Let z(q) be the third derivative of 0*q + 0*q**4 + 3*q**2 - 1/6*q**3 + 1/15*q**5 + 0. What are the prime factors of z(2)?
3, 5
Let x(l) = 7*l**2 - 23*l - 81. What are the prime factors of x(-11)?
1019
Let i(a) = 4*a**2 - 6*a - 8. Let v be i(-4). Let x = v + -47. What are the prime factors of x?
3, 11
Suppose -9801 = -6*f - 2043. List the prime factors of f.
3, 431
What are the prime